+ 26. Let t be z(14). Suppose t = -5*b + b, -5*b - 140 = 5*r. Is (6 - (-820)/r)*5/(-2) a prime number?
True
Suppose -94*q + 7559913 = -106*q + 46866069. Is q prime?
True
Let h(a) be the third derivative of 2*a**5/5 - a**4/24 - a**3/6 - 30*a**2. Suppose -10*n + 17 - 97 = 0. Is h(n) composite?
False
Let r be (20/(-140))/(1/(-21)). Suppose -14811 = -6*a + r*a. Is a prime?
True
Let o(n) = 16*n - 9*n**2 - 11*n**2 + 3*n**3 + 2*n**3 - 7*n**3 - 18. Let x be o(-15). Suppose -10*f = -2*f - x. Is f composite?
True
Suppose 0 = -g - 2*k + 561, 3*g - 1667 = k + k. Suppose -q + 247 = -g. Suppose -7*a + a + q = 0. Is a a prime number?
False
Let q(p) = 2*p**3 - 15*p**2 + 54*p - 262. Is q(55) prime?
True
Suppose -61*b = 92*b - 705177. Is b prime?
False
Suppose -2*q = -4*d - 110, 72 = -3*q + 5*d + 233. Suppose q + 53 = 5*y. Suppose -a = -y - 17. Is a a composite number?
False
Let i(o) be the third derivative of 101*o**5/60 + o**4/12 + 2*o**3/3 - o**2. Suppose 402 - 375 = 9*w. Is i(w) prime?
True
Suppose 3*o - 2*m + 1165 + 4957 = 0, 4*o + 8159 = -m. Let y = -1121 - o. Is y composite?
False
Let b(i) be the third derivative of -i**6/120 + i**5/15 - i**4/12 + i**3/3 - 24*i**2. Let w be b(-5). Let a = w - -26. Is a a composite number?
False
Suppose -11071 = -4*h + 2665. Suppose -h = -5*l - 2*v, 4*l - 3909 = v - 1167. Suppose -l = -5*w + 969. Is w prime?
True
Let j(s) = -s**3 + 4*s. Let v(f) = -1353*f**3 + 4*f**2 - 22*f. Let d(u) = 6*j(u) + v(u). Is d(-1) prime?
True
Let m(j) = 10*j**3 - 10*j**2 - 37*j - 3. Let q(d) = -15*d**3 + 14*d**2 + 56*d + 4. Let t(f) = -8*m(f) - 5*q(f). Is t(-5) prime?
False
Is (-22 + 765/30)*147946 a prime number?
False
Let i(z) = -z**2 + 54*z**3 + 4 - 6*z**2 + 8*z**2 - 4*z - 2*z**2. Is i(3) a prime number?
False
Let q be (2 - (-4)/2)*1. Let u(p) = p**3 + 19*p**2 - 43*p - 13. Let f be u(-21). Suppose 0 = -0*k + 4*k - f, -k + 5910 = q*t. Is t composite?
True
Suppose 0 = 3*j + w - 452097, -79 = -5*w - 49. Is j a composite number?
False
Let q(j) = 3*j**3 + 6*j**2 - j + 1. Let y be q(-2). Suppose 7*r = 4 + y. Is (4 - 7/r) + 221 a prime number?
False
Suppose -164582918 = -564*b + 75267670. Is b a composite number?
True
Let i = -12 + 12. Suppose -8 = -2*g, -3*r + 2*g + 8 - 25 = i. Is (-2465)/r + (-2)/3 a prime number?
True
Suppose -3*l - 6 = 0, 4*c + 4*l = 7 - 51. Is (467 + 7)*(-3)/c a prime number?
False
Suppose f + 6 = -2*k - 1, -25 = 5*k. Suppose 0 = -f*u - 2 - 1. Is 0 - 0/u - -145 a composite number?
True
Let p = -310 - -311. Let u(m) = 33804*m**3 - 7*m**2 + 7*m + 1. Is u(p) prime?
False
Suppose -4*x + 3757932 = 4*u, 14*u - x - 3757942 = 10*u. Is u a composite number?
True
Let c = 434717 + 367688. Is c a composite number?
True
Let z be (30/9)/(2/24). Let k(h) = -57*h - 39 - 22 + 13 - z*h. Is k(-13) a composite number?
False
Let a be (((-15)/4)/(-1))/((-9)/(-48)). Suppose a*i = 26*i - 8466. Is i composite?
True
Suppose -5*k = 2914 - 15559. Suppose 5*u - 4*d = 6066 - 1859, 3*u - k = 4*d. Is u a composite number?
False
Suppose -2*r = -0*r + 2, -3*a + 4*r = -16. Let i be (16/(-24))/(a/1194). Let n = i - -422. Is n a composite number?
False
Suppose -o = 3*f - 2131 - 13119, 0 = -2*f + 5*o + 10144. Let q = f - 3527. Is q prime?
False
Suppose -469860 = -141*z + 81*z. Is z a prime number?
False
Is 1*1579287/33 + (18 - 600/33) composite?
False
Suppose 0 = -2*c - 4*p + 324, 4*p - 354 - 136 = -3*c. Let z = -482 + c. Let b = z - -1137. Is b a prime number?
True
Let q(v) = 11*v. Let b(f) = -5*f. Let h(t) = -9*b(t) - 4*q(t). Let o(l) = -78*l - 7. Let s(g) = -3*h(g) - o(g). Is s(4) a prime number?
True
Let r = -1 - 7. Is (-28)/r*(-1 - (-27805)/35) composite?
False
Suppose -358 = 24*a - 94. Let j(q) = -828*q + 5. Is j(a) a composite number?
True
Suppose -72*h + 3464095 = -1830788 + 1313931. Is h prime?
True
Let j be (1 - (-5)/7)*7. Let w be 2 + 464/j + 4/(-6). Is w + -2 - (-1 + 2) a composite number?
False
Suppose 21*v = 8*v + 156. Suppose 4*z = -3*d + 56587, -d - 14138 = 11*z - v*z. Is z a prime number?
True
Let k(y) = -y**3 - 136*y**2 + 6*y - 1374. Is k(-149) composite?
True
Is (1/(-11))/(28/168) + (-393381)/(-99) a composite number?
True
Let y(v) = -11209*v + 35. Let l be y(-3). Suppose -5*w = 5*i - 19140 - 14540, 0 = -5*w + i + l. Is w a composite number?
False
Let i(n) = 14*n**2 - 22*n + 10. Let f be i(25). Suppose d - 3599 = 2*k, 0 = 4*d - 5*k - f - 6183. Suppose 0 = 5*p - 8768 - d. Is p a composite number?
False
Let f(m) = 12*m**2 + 11*m - 21. Let c(o) = 2*o - 7. Let j be c(-1). Let b be f(j). Let z = 1217 - b. Is z composite?
True
Is ((-479595)/9)/((-15)/9) composite?
False
Suppose 9 = 2*f + 3. Let h be (-52)/(-12) - (2 - 8/f). Suppose 3*b - 1304 = 3*i + 2479, i = -h*b + 6293. Is b composite?
False
Let r be (6/(-8))/((-6)/24). Suppose -4*o = -r*y - 7553, -7*o = -9*o + y + 3777. Is o composite?
False
Suppose -2089 = -u + 996. Is u a prime number?
False
Let w(i) = -711 + 325*i + 757 + 60*i. Is w(9) a composite number?
False
Let t(a) = a**2 - 21*a + 35. Let l be t(19). Let o = -2404 + 4537. Is ((-14)/7)/(l*6/o) prime?
False
Suppose -c + 161767 = -4*m, -3 = 5*m - 8. Is c a composite number?
False
Let f(s) = -495*s + 891023. Is f(0) composite?
True
Suppose 4993 = -5*h + 116543. Suppose -347 - 956 = -129*f + 245. Suppose h - 75626 = -f*s. Is s prime?
False
Let p(c) = -715*c**3 + 5*c**2 + 11*c - 31. Is p(-6) a prime number?
True
Let m = -102980 + 70368. Let u = -18593 - m. Is u a prime number?
False
Let c = 562897 - 185070. Is c a composite number?
False
Let s = -47976 + 97307. Is s a composite number?
False
Suppose -141*t = 164*t + 21937962 - 79828792. Is t a prime number?
False
Suppose -4 = 12*z - 16. Suppose -k = -2*x + z - 4, 13 = 3*k - 2*x. Suppose -k*f = -10*f + 4085. Is f a composite number?
True
Let a = -2 - -3. Suppose -g + 1 = -s - 2*s, 2*s = -g + a. Suppose 2*f + u + s*u = 957, 4*f = -5*u + 1899. Is f a composite number?
True
Suppose 3*q = 3*r - 9664 - 5528, 0 = -3*r + q + 15194. Is r a prime number?
False
Suppose 38726 = 9*k + 188684. Is (k/12)/((-4)/8) a prime number?
True
Let j(f) = -600*f - 493. Is j(-16) composite?
True
Let r(k) = -57*k**3 + 6*k**2 + 5*k + 1. Let b be r(-4). Is -3 + b + 4 + -4 prime?
False
Let p = 91 - 95. Let x = p + -4. Let q(i) = -8*i + 57. Is q(x) prime?
False
Suppose -4*v + 20 = -3*b, -b = -5*b - 5*v + 25. Suppose 10*k - 15*k + 38337 = 4*d, -2*k + 3*d + 15344 = b. Is k a prime number?
True
Is (140109123/154 + (-8 - -1))*2 a composite number?
True
Suppose 5*b = -0*b + 4*p + 276, 2*b - 113 = -p. Let y(a) = b - 31 - 18 + 22*a**2 + 4*a. Is y(3) a prime number?
False
Suppose 18*c + 336 = 2010. Let l = c + 1594. Is l composite?
True
Let r be (1 - 5) + 1073/37 + 1. Suppose 74777 = 17*l + r*l. Is l a prime number?
False
Suppose 0 = -2*a + 5*a + 15927. Let o be (-55)/30 + (6 - (-111)/(-18)) - -11292. Let c = a + o. Is c a prime number?
True
Suppose 31*r - 28*r = -1002. Let v = 821 + r. Is v a prime number?
True
Suppose -2*u - 3*w = u - 99, 3*u - 3*w - 123 = 0. Let l = -35 + u. Is 635 - ((-3)/(-1) - l) composite?
True
Let u(m) = -2*m**3 + 158*m**2 - 7*m + 235. Is u(72) prime?
True
Let p(f) = 3*f - 24. Let g be p(8). Suppose -1261 = -v - 0*v - 3*c, 5*v - 2*c - 6373 = g. Is v prime?
False
Suppose 4*f = -3*z + 13, -3*f - 9*z + 46 = -14*z. Let c(y) = 20*y**3 - 4*y**2 + 14*y + 11. Is c(f) composite?
True
Let d = 243 - 252. Is (-45)/d - -11882*1 prime?
True
Suppose 11 = 4*l + 3. Let k be ((-1974)/28)/(l/(-100)). Suppose -14420 = -5*r - k. Is r prime?
True
Let m(p) = 6*p**3 + 7*p**2 - 6*p - 9. Suppose -17*n + 28 = -13*n. Let z be m(n). Let c = z + -849. Is c a prime number?
False
Suppose 12*m - 942 = 90. Let a = m - 78. Suppose -11*q + 2421 = -a*q. Is q a prime number?
False
Is 322524 + (-4 - 12 - -5) composite?
False
Let d(o) = -945*o - 18. Let t(y) = 1418*y + 27. Let s(k) = 7*d(k) + 5*t(k). Suppose 4*u - 20 = 3*w, -3*u + 3*w = -2*w - 26. Is s(u) composite?
True
Let f = -10658 + 13917. Is f a composite number?
False
Suppose 3*a - 405555 = -2*a - v, 2*a - 162235 = -3*v. Suppose a = 6*q + 10616. Is q composite?
True
Let u(b) = 7*b - 103. Let k be u(15). Is ((-1)/(k/3))/(267/(-89534)) composite?
False
Let t = -6867 + 9769. Is t prime?
False
Suppose 52593 = 4*w - 59579. Is w a prime number?
False
Suppose -3*n + 4 = -11. Suppose 0*y + 5*y 